{"id":178,"date":"2023-04-11T17:08:52","date_gmt":"2023-04-11T16:08:52","guid":{"rendered":"https:\/\/ambtunisi.esteri.it\/italia-e-tunisia\/"},"modified":"2023-11-23T11:28:52","modified_gmt":"2023-11-23T10:28:52","slug":"italia-e-tunisia","status":"publish","type":"page","link":"https:\/\/ambtunisi.esteri.it\/fr\/italia-e-tunisia\/","title":{"rendered":"Italie et Tunisie"},"content":{"rendered":"<p style=\"text-align: justify;\">L\u2019Italie et la Tunisie entretiennent depuis toujours d\u2019excellents rapports, consolid\u00e9s au fil du temps par une sympathie r\u00e9ciproque, t\u00e9moign\u00e9e par d\u2019intenses liens humains, culturels et \u00e9conomiques et par une profonde convergence d\u2019int\u00e9r\u00eats sur les principaux th\u00e8mes de l\u2019agenda international.<\/p>\n<p style=\"text-align: justify;\">Au cours des soixante quinze ann\u00e9es de protectorat fran\u00e7ais (1881-1956), un Consulat G\u00e9n\u00e9ral s\u2019est occup\u00e9 de toutes les questions relatives \u00e0 l\u2019Italie en Tunisie. L\u2019ouverture de l\u2019Ambassade d\u2019Italie \u00e0 Tunis en 1956, au lendemain de la proclamation de l\u2019Ind\u00e9pendance de la R\u00e9publique Tunisienne, a permis d\u2019approfondir encore plus les relations de solide amiti\u00e9, que la proximit\u00e9 g\u00e9ographique, l\u2019appartenance commune \u00e0 la r\u00e9gion m\u00e9diterran\u00e9enne et les contacts continus entre les communaut\u00e9s italienne et tunisienne, rendent vraiment sp\u00e9ciales. Il suffit de rappeler qu\u2019\u00e0 cheval entre les 19\u00e8me et 20\u00e8me si\u00e8cles, la communaut\u00e9 italienne en Tunisie comptait entre 90.000 et 100.000 personnes.<\/p>\n<p style=\"text-align: justify;\">L\u2019influence italienne dans le Pays demeure forte et pr\u00e9sente dans les domaines de l\u2019architecture, de la cuisine, de l\u2019art et de la langue.<\/p>\n<p style=\"text-align: justify;\">Ci-apr\u00e8s la liste des Chefs de Mission qui ont \u00e9t\u00e9 accr\u00e9dit\u00e9s en tant qu\u2019Ambassadeurs d\u2019Italie aupr\u00e8s de la R\u00e9publique Tunisienne:<\/p>\n<table class=\"table\" border=\"0\" align=\"center\">\n<caption>\u00a0<\/caption>\n<tbody>\n<tr>\n<td><strong>Chef de Mission<\/strong><\/td>\n<td><strong>Date d\u00e9but Mission<\/strong><\/td>\n<\/tr>\n<tr>\n<td>Raffaele Ferretti<\/td>\n<td>17 octobre 1956<\/td>\n<\/tr>\n<tr>\n<td>Aldo Maria Mazio<\/td>\n<td>8 octobre 1958<\/td>\n<\/tr>\n<tr>\n<td>Alessandro Tassoni Estense<\/td>\n<td>27 septembre 1962<\/td>\n<\/tr>\n<tr>\n<td>Manlio Castronuovo<\/td>\n<td>25 novembre 1964<\/td>\n<\/tr>\n<tr>\n<td>Luciano Favretti<\/td>\n<td>11 avril 1968<\/td>\n<\/tr>\n<tr>\n<td>Salvatore Saraceno<\/td>\n<td>23\u00a0ao\u00fbt 1972<\/td>\n<\/tr>\n<tr>\n<td>Elio Giuffrida<\/td>\n<td>12 janvier 1977<\/td>\n<\/tr>\n<tr>\n<td>Gianfranco Farinelli<\/td>\n<td>7 f\u00e9vrier 1980<\/td>\n<\/tr>\n<tr>\n<td>Claudio Moreno<\/td>\n<td>2 mai 1987<\/td>\n<\/tr>\n<tr>\n<td>Francesco Caruso<\/td>\n<td>23 mars 1992<\/td>\n<\/tr>\n<tr>\n<td>Rocco Angelo Cangelosi<\/td>\n<td>2 octobre 1996<\/td>\n<\/tr>\n<tr>\n<td>Armando Sanguini<\/td>\n<td>20 octobre 1998<\/td>\n<\/tr>\n<tr>\n<td>Arturo Olivieri<\/td>\n<td>16 juin 2003<\/td>\n<\/tr>\n<tr>\n<td>Antonio d\u2019Andria<\/td>\n<td>11 novembre 2007<\/td>\n<\/tr>\n<tr>\n<td>Pietro Benassi<\/td>\n<td>1\u00b0 d\u00e9cembre 2009<\/td>\n<\/tr>\n<tr>\n<td>Raimondo De Cardona<\/td>\n<td>22 juillet 2013<\/td>\n<\/tr>\n<tr>\n<td>Lorenzo Fanara<\/td>\n<td>26 mars 2018<\/td>\n<\/tr>\n<tr>\n<td>Fabrizio Saggio<\/td>\n<td>05 octobre 2022<\/td>\n<\/tr>\n<\/tbody>\n<\/table>\n","protected":false},"excerpt":{"rendered":"L\u2019Italie et la Tunisie entretiennent depuis toujours d\u2019excellents rapports, consolid\u00e9s au fil du temps par une sympathie r\u00e9ciproque, t\u00e9moign\u00e9e par d\u2019intenses liens humains, culturels et \u00e9conomiques et par une profonde convergence d\u2019int\u00e9r\u00eats sur les principaux th\u00e8mes de l\u2019agenda international. Au cours des soixante quinze ann\u00e9es de protectorat fran\u00e7ais (1881-1956), un Consulat G\u00e9n\u00e9ral s\u2019est occup\u00e9 de [&hellip;]","protected":false},"author":1,"featured_media":0,"parent":0,"menu_order":4,"comment_status":"closed","ping_status":"closed","template":"","meta":{"footnotes":""},"class_list":["post-178","page","type-page","status-publish","hentry"],"_links":{"self":[{"href":"https:\/\/ambtunisi.esteri.it\/fr\/wp-json\/wp\/v2\/pages\/178","targetHints":{"allow":["GET"]}}],"collection":[{"href":"https:\/\/ambtunisi.esteri.it\/fr\/wp-json\/wp\/v2\/pages"}],"about":[{"href":"https:\/\/ambtunisi.esteri.it\/fr\/wp-json\/wp\/v2\/types\/page"}],"author":[{"embeddable":true,"href":"https:\/\/ambtunisi.esteri.it\/fr\/wp-json\/wp\/v2\/users\/1"}],"replies":[{"embeddable":true,"href":"https:\/\/ambtunisi.esteri.it\/fr\/wp-json\/wp\/v2\/comments?post=178"}],"version-history":[{"count":3,"href":"https:\/\/ambtunisi.esteri.it\/fr\/wp-json\/wp\/v2\/pages\/178\/revisions"}],"predecessor-version":[{"id":435,"href":"https:\/\/ambtunisi.esteri.it\/fr\/wp-json\/wp\/v2\/pages\/178\/revisions\/435"}],"wp:attachment":[{"href":"https:\/\/ambtunisi.esteri.it\/fr\/wp-json\/wp\/v2\/media?parent=178"}],"curies":[{"name":"wp","href":"https:\/\/api.w.org\/{rel}","templated":true}]}}

<p style="text-align: justify;">L’Italie et la Tunisie entretiennent depuis toujours d’excellents rapports, consolidés au fil du temps par une sympathie réciproque, témoignée par d’intenses liens humains, culturels et économiques et par une profonde convergence d’intérêts sur les principaux thèmes de l’agenda international.</p>
<p style="text-align: justify;">Au cours des soixante quinze années de protectorat français (1881-1956), un Consulat Général s’est occupé de toutes les questions relatives à l’Italie en Tunisie. L’ouverture de l’Ambassade d’Italie à Tunis en 1956, au lendemain de la proclamation de l’Indépendance de la République Tunisienne, a permis d’approfondir encore plus les relations de solide amitié, que la proximité géographique, l’appartenance commune à la région méditerranéenne et les contacts continus entre les communautés italienne et tunisienne, rendent vraiment spéciales. Il suffit de rappeler qu’à cheval entre les 19ème et 20ème siècles, la communauté italienne en Tunisie comptait entre 90.000 et 100.000 personnes.</p>
<p style="text-align: justify;">L’influence italienne dans le Pays demeure forte et présente dans les domaines de l’architecture, de la cuisine, de l’art et de la langue.</p>
<p style="text-align: justify;">Ci-après la liste des Chefs de Mission qui ont été accrédités en tant qu’Ambassadeurs d’Italie auprès de la République Tunisienne:</p>
<table class="table" border="0" align="center">
<caption> </caption>
<tbody>
<tr>
<td><strong>Chef de Mission</strong></td>
<td><strong>Date début Mission</strong></td>
</tr>
<tr>
<td>Raffaele Ferretti</td>
<td>17 octobre 1956</td>
</tr>
<tr>
<td>Aldo Maria Mazio</td>
<td>8 octobre 1958</td>
</tr>
<tr>
<td>Alessandro Tassoni Estense</td>
<td>27 septembre 1962</td>
</tr>
<tr>
<td>Manlio Castronuovo</td>
<td>25 novembre 1964</td>
</tr>
<tr>
<td>Luciano Favretti</td>
<td>11 avril 1968</td>
</tr>
<tr>
<td>Salvatore Saraceno</td>
<td>23 août 1972</td>
</tr>
<tr>
<td>Elio Giuffrida</td>
<td>12 janvier 1977</td>
</tr>
<tr>
<td>Gianfranco Farinelli</td>
<td>7 février 1980</td>
</tr>
<tr>
<td>Claudio Moreno</td>
<td>2 mai 1987</td>
</tr>
<tr>
<td>Francesco Caruso</td>
<td>23 mars 1992</td>
</tr>
<tr>
<td>Rocco Angelo Cangelosi</td>
<td>2 octobre 1996</td>
</tr>
<tr>
<td>Armando Sanguini</td>
<td>20 octobre 1998</td>
</tr>
<tr>
<td>Arturo Olivieri</td>
<td>16 juin 2003</td>
</tr>
<tr>
<td>Antonio d’Andria</td>
<td>11 novembre 2007</td>
</tr>
<tr>
<td>Pietro Benassi</td>
<td>1° décembre 2009</td>
</tr>
<tr>
<td>Raimondo De Cardona</td>
<td>22 juillet 2013</td>
</tr>
<tr>
<td>Lorenzo Fanara</td>
<td>26 mars 2018</td>
</tr>
<tr>
<td>Fabrizio Saggio</td>
<td>05 octobre 2022</td>
</tr>
</tbody>
</table>

L’Italie et la Tunisie entretiennent depuis toujours d’excellents rapports, consolidés au fil du temps par une sympathie réciproque, témoignée par d’intenses liens humains, culturels et économiques et par une profonde convergence d’intérêts sur les principaux thèmes de l’agenda international. Au cours des soixante quinze années de protectorat français (1881-1956), un Consulat Général s’est occupé de [&hellip;]
